8a24
What is -12102112010100 (base 3) in base 4?
-23000012232
-21459 (base 11) to base 12
-16049
What is 27298aa (base 11) in base 16?
47e97c
What is 450354 (base 8) in base 16?
250ec
What is -10232011003 (base 4) in base 3?
-2022212021111
Convert 1332313112 (base 4) to base 10.
519638
Convert -110012000102020 (base 3) to base 2.
-11000101101000011101010
What is a842d1 (base 14) in base 4?
111232321133
Convert 26a833 (base 14) to base 2.
101000101111110011101
Convert 23054285 (base 9) to base 6.
1035550205
Convert 4772650 (base 8) to base 13.
36a50c
-21100112120 (base 3) to base 6
-3034023
Convert -421131001 (base 6) to base 14.
-d8db05
Convert -1699a (base 16) to base 13.
-3319a
Convert 10110000110111110111110 (base 2) to base 12.
1b36052
What is -154535 (base 9) in base 4?
-113033213
What is -121122113 (base 4) in base 3?
-12021210002
-30b46 (base 12) to base 9
-106520
What is -1a3d7b (base 15) in base 11?
-7a3858
Convert -442d7 (base 16) to base 8.
-1041327
1011212233 (base 4) to base 6
10035531
Convert 220021020001121 (base 3) to base 10.
12896782
1021054 (base 7) to base 9
206441
Convert 11100110001111000011110 (base 2) to base 14.
1005582
-42453 (base 7) to base 5
-314044
What is 111102221200 (base 3) in base 11?
170878
-525173 (base 8) to base 11
-10a2a2
What is 244202442 (base 5) in base 11?
724757
-13034 (base 15) to base 14
-1822b
-71106 (base 8) to base 13
-10414
Convert -424764 (base 9) to base 6.
-5230351
What is -5641318 (base 9) in base 14?
-5915a4
-1033233203 (base 4) to base 11
-203444
What is 170781 (base 11) in base 12?
109076
Convert 10033010312 (base 4) to base 11.
699228
-2244231 (base 5) to base 14
-10ad8
What is 20166620 (base 8) in base 15?
590b9a
What is 80120 (base 9) in base 5?
3140322
12237a (base 16) to base 15
18733a
Convert 1436804 (base 9) to base 8.
3013432
a9984 (base 14) to base 9
685373
87712 (base 9) to base 6
1125145
Convert -2b83046 (base 12) to base 5.
-4233131441
Convert 38334 (base 12) to base 14.
1dc48
-1305205425 (base 6) to base 12
-5190875
195632 (base 11) to base 2
1001001010011001100
-3966b (base 12) to base 9
-128862
-312404442 (base 5) to base 14
-2599d2
-13013102302 (base 4) to base 2
-111000111010010110010
What is 102a55 (base 13) in base 7?
3131300
What is -719077 (base 10) in base 4?
-2233203211
-1100010110100010000 (base 2) to base 15
-7edd7
What is 7971481 (base 10) in base 11?
4555101
198774a (base 12) to base 5
2340421042
What is 52718 (base 15) in base 3?
111021200012
What is 3424134 (base 7) in base 9?
718843
Convert 340245 (base 9) to base 13.
71891
234445055 (base 6) to base 11
2551130
Convert -a9c66 (base 15) to base 7.
-4404441
14a4de (base 16) to base 8
5122336
What is -143a92c (base 13) in base 3?
-110002020012222
-2ea9e (base 15) to base 14
-3cdc7
40423411 (base 6) to base 4
10121302333
Convert 555125325 (base 6) to base 14.
1495bb7
Convert 176222 (base 10) to base 2.
101011000001011110
What is 8428d8 (base 16) in base 2?
100001000010100011011000
What is -112a8 (base 12) in base 7?
-123464
What is -832076 (base 11) in base 5?
-320210301
-201323001 (base 4) to base 16
-21ec1
Convert -21bb79 (base 13) to base 15.
-10b368
What is -158d4 (base 14) in base 4?
-31022002
What is 2315052 (base 7) in base 16?
46c50
Convert -a629d (base 14) to base 5.
-100314110
Convert 5ac845 (base 14) to base 10.
3107837
Convert 1860114 (base 9) to base 5.
231341133
What is -128080 (base 11) in base 7?
-1465131
66042056 (base 7) to base 5
2422014413
-35329 (base 13) to base 12
-4830a
Convert 1fb2e (base 16) to base 15.
2870d
What is -1826137 (base 10) in base 3?
-10102202222201
-3175c (base 13) to base 11
-60a77
What is 100001101110111000100 (base 2) in base 11?
695512
What is 60cbf (base 16) in base 12?
17153b
Convert -945515 (base 11) to base 10.
-1515299
Convert -48404a (base 11) to base 14.
-15d5b0
What is 103122010111 (base 4) in base 13?
109187b
Convert 14014420 (base 6) to base 9.
784153
Convert 31366121 (base 7) to base 14.
4d1911
25095 (base 14) to base 16
1623b
-1595676 (base 13) to base 7
-113044305
Convert -406640 (base 7) to base 4.
-100333220
740158 (base 9) to base 4
1223112221
Convert 311033442 (base 5) to base 7.
13530533
-74eb3 (base 16) to base 2
-1110100111010110011
Convert -2113220010 (base 4) to base 15.
-c4040
-b9a383 (base 14) to base 6
-342452051
2045305 (base 6) to base 10
99689
-54c68 (base 15) to base 3
-111200120122
-11402124 (base 5) to base 8
-320053
-610b09 (base 12) to base 3
-2211222122000
What is 12ddc (base 14) in base 2?
1011011000110110
Convert -2113166 (base 8) to base 3.
-1001121000200
Convert b6e1 (base 16) to base 12.
23115
Convert 19b6b3a (base 12) to base 14.
a23b78
Convert 122000210 (base 4) to base 5.
11402112
-20843 (base 16) to base 8
-404103
What is -3346869 (base 10) in base 3?
-20022001001010
Convert 2c6c2 (base 13) to base 11.
58672
Convert 1a3a1b (base 14) to base 3.
1202100201222
-12122001 (base 5) to base 12
-55b81
Convert 1616240 (base 11) to base 8.
12420114
3331222002 (base 4) to base 10
1038978
Convert 80eb4b (base 16) to base 10.
8448843
-1773381 (base 12) to base 8
-22470521
Convert -151647 (base 11) to base 14.
-621d2
111110001101011010 (base 2) to base 14
68c0a
-22203 (base 11) to base 4
-13312331
Convert 515521 (base 8) to base 16.
29b51
Convert -1510537 (base 8) to base 12.
-189113
1021112012011 (base 3) to base 10
679567
What is 4055425 (base 9) in base 15?
2cab5b
1375130 (base 8) to base 6
12221424
Convert 43966 (base 10) to base 2.
1010101110111110
Convert -70384b (base 13) to base 2.
-1001111100011111010001
Convert 3051df (base 16) to base 4.
30011013133
103313311331 (base 4) to base 16
4f7d7d
What is -7894616 (base 10) in base 11?
-4502384
Convert -1243443120 (base 5) to base 16.
-2f7128
What is 1114400521 (base 6) in base 13?
27011a4
102101111320 (base 4) to base 9
10010114
-10110001111001011011 (base 2) to base 14
-14d799
What is -412133113 (base 5) in base 9?
-3135717
8e9d29 (base 16) to base 15
c4944a
What is -13334214 (base 7) in base 2?
-100101101101010001011
What is -5154a (base 16) in base 2?
-1010001010101001010
Convert 212544304 (base 7) to base 13.
28211bc
What is -261325 (base 9) in base 15?
-31e3e
What is 252012 (base 6) in base 2?
101011111001000
What is -68add (base 16) in base 15?
-87095
Convert -567929 (base 12) to base 15.
-1c4736
Convert 66512022 (base 8) to base 9.
28852773
-77442 (base 11) to base 4
-123123032
Convert -25716 (base 10) to base 4.
-12101310
What is 517791 (base 10) in base 6?
15033103
Convert 3103504 (base 6) to base 14.
3c208
Convert -68c67 (base 15) to base 6.
-11052111
3b043 (base 13) to base 10
109905
-2a1b1 (base 14) to base 7
-614011
What is -14997315 (base 10) in base 15?
-14b39b0
Convert -12000100102 (base 3) to base 15.
-1e37e
What is 547146 (base 8) in base 4?
230321212
31525304 (base 6) to base 12
389834
What is -289659 (base 10) in base 8?
-1065573
Convert -209345 (base 10) to base 5.
-23144340
What is 66407b (base 14) in base 15?
487aa0
-201112111 (base 4) to base 10
-136597
Convert 1635051 (base 7) to base 5.
24234240
What is -34c76 (base 15) in base 6?
-3334350
What is 8d186 (base 15) in base 14?
b99d8
-5163503 (base 8) to base 6
-45210123
What is -d955 (base 15) in base 12?
-22738
What is 11000111000101101000110 (base 2) in base 7?
106310405
What is -120001021022 (base 3) in base 10?
-296171
231283 (base 10) to base 9
382231
ef4e5 (base 16) to base 15
145667
-12110020222210 (base 3) to base 15
-3c3c33
What is 10e0bd (base 16) in base 13?
2c9604
Convert cee3 (base 16) to base 12.
26797
-131a29 (base 13) to base 16
-70862
Convert -317a68 (base 11) to base 8.
-1740753
-3600402 (base 9) to base 2
-111011011110100001111
Convert 1110122110 (base 3) to base 2.
111000011100110
Convert 167a38 (base 11) to base 2.
111111010110001001
Convert 10478212 (base 9) to base 5.
2244233342
What is -41646 (base 12) in base 11?
-5933a
What is 1011011110100101011 (base 2) in base 9?
632826
What is -100202121121 (base 3) in base 9?
-322547
-1a41699 (base 14) to base 5
-11321043440
1150530 (base 12) to base 11
1980914
Convert 234466 (base 8) to base 14.
21314
1b4e6 (base 16) to base 14
2ca90
2240035 (base 8) to base 13
182c28
What is 52235546 (base 7) in base 15?
5bc6ee
Convert -5421a4 (base 11) to ba